z - 34. What is the remainder when o is divided by a?
17
Suppose -5*z = -x - 4*x - 95, 5*z = 2*x + 98. Let q(w) = 7*w - 5. What is the remainder when q(6) is divided by z?
17
Suppose 0 = p - 3 - 1. Let d = 9 - p. Calculate the remainder when d is divided by 3.
2
Suppose 0 = -3*q + 3 + 12. Suppose q*s = -2*i + 5*i + 222, 46 = s + i. Calculate the remainder when s is divided by 12.
9
Suppose 2 + 3 = t, -2*g + 7 = -t. Suppose i = -2*i + g. Suppose 15 = 2*b + 5. What is the remainder when b is divided by i?
1
Let d = 75 - 23. What is the remainder when d is divided by 18?
16
Suppose -4*l = 4*c - 12, 2*c - l = -4*l + 6. Suppose -c*i = -95 - 67. Calculate the remainder when i is divided by 14.
12
Let f(p) = -31*p**3 + p**2 + p + 1. Calculate the remainder when f(-1) is divided by 9.
5
What is the remainder when 51 is divided by (57/(-2))/((-93)/62)?
13
Let m = 26 - 16. Calculate the remainder when m is divided by 7.
3
Calculate the remainder when 13 is divided by 4/8*(9 - -1).
3
Let a be 6*4*(-3)/(-18). Suppose v + a*r = -2, -4*r - 1 = 7. Suppose v*x - 3*x = 27. Calculate the remainder when 16 is divided by x.
7
Let x(p) = -2*p + 1. Let i be x(1). Let t = i + 5. Suppose -3*z = 6, -o = 2*z + 3*z - 1. What is the remainder when o is divided by t?
3
Suppose -r + 133 = y, 0 = 3*r - y - 0*y - 411. Calculate the remainder when r is divided by 35.
31
Let h(k) = -k**3 + 8*k**2 - 9*k + 4. Let s be h(6). Let d = 43 + s. What is the remainder when d is divided by 22?
21
Let p(r) = -3*r + r + 3*r + 8. Let h be p(-5). Suppose z + 12 = h*z. What is the remainder when 22 is divided by z?
4
Suppose -x - a = -0*a, 4*x - a = 10. Suppose 3 = -0*c + c. Suppose -x*g + 3 = -c. Calculate the remainder when 5 is divided by g.
2
Let x = -21 - -41. Calculate the remainder when x is divided by 217/28 - (-6)/(-8).
6
Let g = 136 + -246. Let p = g + 159. Let j = -27 - -40. Calculate the remainder when p is divided by j.
10
Suppose 8 = -2*l - 4*d, l - 2*d = -l + 16. Suppose l = 3*p - p. Suppose 6 = h + 4, 3*h - 106 = -p*v. What is the remainder when v is divided by 17?
16
Suppose 2*c + c + 9 = 0. Suppose 2*h - 36 + 4 = 0. Let v = h + c. What is the remainder when 37 is divided by v?
11
Let s(v) = v**3 - 18*v**2 + 19*v + 9. What is the remainder when s(17) is divided by 15?
13
Let d = 504 - 885. Suppose 4*z + 3*i - 40 = 20, 0 = 5*z - 5*i - 75. Calculate the remainder when d/(-9) + (-2)/(-3) is divided by z.
13
Let n(q) = -2*q + 35. Calculate the remainder when n(7) is divided by (2 - (-8)/(-2)) + 13.
10
Let v = 23 - 10. Suppose 6*y + 0*y = -30. Let i = y + v. Calculate the remainder when 22 is divided by i.
6
Suppose 0 = 4*n + 5*u - 10, 6 = 4*n + 2*u - 10. What is the remainder when 15/(-2)*36/(-15) is divided by n?
3
Let y = 15 + -10. Suppose y*l + 28 = 4*r, -r + 2*l + 2 = -4*r. What is the remainder when 5 is divided by r?
1
Suppose -b = 28 - 78. What is the remainder when b is divided by 13?
11
Let u = -16 - -44. Calculate the remainder when (20 - 0)/(2/4) is divided by (u/6)/((-4)/(-18)).
19
Let c(z) = 2*z**2 + 4*z - 1. Suppose 3*t + 4 = -5. What is the remainder when 19 is divided by c(t)?
4
Let j be 3/1 + 1 + -1. Suppose 0 = -2*c - 3*r + 5 + 14, j*c + 4*r - 28 = 0. Calculate the remainder when 11 is divided by c/5*(-10)/(-4).
3
Let g be (3/(-3) - -41) + -2. Let n = -16 + g. What is the remainder when 64 is divided by n?
20
Let b(w) = -2*w + 16. What is the remainder when 78/8 + (-2)/(-8) is divided by b(6)?
2
Let z = 4 + -1. Let c(i) = 5*i - 3. What is the remainder when 22 is divided by c(z)?
10
Let k be (-3)/(-2)*12/9. Suppose n = m + k*m - 38, m - 16 = n. Let s = 16 - m. Calculate the remainder when 8 is divided by s.
3
Let i(h) be the third derivative of h**6/120 + h**5/30 - h**4/8 + h**3/3 - 4*h**2. Let n(g) = g**2 - 2*g. What is the remainder when n(3) is divided by i(-3)?
1
Suppose 3*p - 3*t = 0, -5 = 5*p - 2*t - 14. What is the remainder when 25 is divided by ((-3)/1)/p - -15?
11
Let t(z) = 2*z**2 + z + 1. Suppose 0 = 5*l - 69 + 4. What is the remainder when t(4) is divided by l?
11
Suppose -3*m - 60 = -5*m + 4*y, 0 = 3*m - 4*y - 86. Let s(l) = -l - 2. Calculate the remainder when m is divided by s(-9).
5
Suppose -3*m = -2 - 4. Suppose -m*z + 4*z = -6. What is the remainder when 10 is divided by ((-24)/18)/(1/z)?
2
Suppose -45 = -2*z + i, -4 = -z - 5*i + 46. Suppose -o = -3*c + 2*o + 141, -3*o = -2*c + 94. What is the remainder when c is divided by z?
22
Let r = -3 + 4. What is the remainder when 19 is divided by (-11)/(-1)*(0 + r)?
8
Suppose 4*s + 2*t = 188, 3*t + 88 = 2*s + 7*t. Calculate the remainder when s is divided by 5.
3
Let r = 22 - 11. Suppose i - 11 = r. Let y = 18 - 10. What is the remainder when i is divided by y?
6
Suppose 0*y + 5 = y. Suppose s - 13 = 3*x, 3*s - x - 39 = -y*x. Calculate the remainder when 23 is divided by s.
10
Suppose -2*u = 2, -5*t - 4*u - 17 = -83. Suppose 3*h + 0*i - 103 = -4*i, -2*i = -5*h + 215. Calculate the remainder when h is divided by t.
13
Let f(u) be the second derivative of 2*u + 0 - 5/2*u**2 + u**3. What is the remainder when f(5) is divided by 13?
12
Let p be ((-12)/9)/(2/(-3)). Calculate the remainder when ((126/p)/3)/1 is divided by (-4)/14 - 237/(-21).
10
Let h be (-6)/((-4)/(-2)) - 1. Calculate the remainder when 27 is divided by 15 - (-3 - h*1).
13
Suppose 10*u - 9*u = 3. Suppose 5*l - 2*o + o = 13, o = -l - 1. Calculate the remainder when u is divided by l.
1
Let g be -2*1 + 2 + 16. Suppose -3*x + g - 1 = 0. Suppose 0 = -4*s - 3*i + 55, -5*i + 31 + 39 = x*s. What is the remainder when 37 is divided by s?
11
Suppose 3 = -w, 4*x + 3*w - 21 = 74. What is the remainder when x is divided by 1/(-3) - (-22)/3?
5
Suppose 5*t = -0*t + 25. Suppose 4*p + 1 = -y - 0, 3*p - 2*y = 2. Suppose -5*c + 40 + 0 = p. Calculate the remainder when c is divided by t.
3
Let l(g) be the third derivative of g**4/6 - g**3/6 + 3*g**2. Let k be -5 + 3 + 4 + -1. Calculate the remainder when 4 is divided by l(k).
1
Suppose 0 = 126*s - 125*s - 26. What is the remainder when 103 is divided by s?
25
Let o(u) = -u**2 + 4*u + 4*u**2 - 2*u**2 + 1. Let i(d) = -5*d**2 + 2*d - 1. Let r be i(1). What is the remainder when 2 is divided by o(r)?
0
Suppose -2*j = 8*s - 3*s - 340, -5*j + 5*s + 780 = 0. Calculate the remainder when j is divided by 42.
34
Suppose 7*o = -3*i + 2*o + 112, 5*o = -i + 54. Let w = -10 - -17. Let u(n) = n**2 - 5*n - 4. Calculate the remainder when i is divided by u(w).
9
Suppose -5*u + 3*v = -54, -2*u + 39 = 3*u + 2*v. What is the remainder when u is divided by 5?
4
Suppose 2*k - 64 = -0*k. Calculate the remainder when 56 is divided by k.
24
Suppose -3*c + 24 = -0*c. What is the remainder when 22 is divided by (c/10)/((-3)/(-45))?
10
Suppose 6*d - 24 = 4*d. Calculate the remainder when 34 is divided by d.
10
Suppose n = -0*n + 5, -3*n = -y - 15. Suppose -3*r + y = -48. Calculate the remainder when 30 is divided by r.
14
Suppose 314 = 2*s - 5*o, s - 5*o - 37 - 125 = 0. Calculate the remainder when s is divided by 26.
22
Suppose 13 + 2 = 3*q. Let d = q + -6. Let u = d - -47. Calculate the remainder when u is divided by 16.
14
Suppose -2*a = -2*r + a + 15, 15 = -5*a. Suppose -r*b + 2*b = -2. Calculate the remainder when 5 is divided by b.
1
Let f(c) = 2*c**2 - 13*c + 24. What is the remainder when f(8) is divided by 17?
14
Let a = 114 + -68. Suppose 3*y + 0*s - a = -4*s, 0 = 4*y + 3*s - 59. Calculate the remainder when y is divided by 8.
6
Let l be (-8)/12 - (-366)/9. Let w = -13 + l. What is the remainder when 105 is divided by w?
24
Let d = 1 + 12. Let j(h) = h**3 - 2*h**2 + 5*h - 7. Let o be j(5). Let p = 130 - o. Calculate the remainder when p is divided by d.
11
Calculate the remainder when ((-41)/2)/(2/(-4)) is divided by 11.
8
Suppose 4*k + 7*x = 3*x + 72, -3*x - 31 = -2*k. Suppose 0 = 3*y - 4*l - 119, -6*y + 10*y - 3*l = 147. What is the remainder when y is divided by k?
16
Let m(t) = 2*t**2 + 4*t + 2. Calculate the remainder when m(-5) is divided by 11.
10
Suppose -5*o - 3*q = -54, 6*o - 2*o - 52 = 2*q. Calculate the remainder when ((-8)/(-10))/((-18)/(-765)) is divided by o.
10
Calculate the remainder when 39 is divided by (-78)/(-8) - 5/(-20).
9
Let x = -190 - -208. Calculate the remainder when x is divided by 11.
7
Let